{"id":36,"date":"2015-03-24T22:00:09","date_gmt":"2015-03-24T21:00:09","guid":{"rendered":"http:\/\/szentistvan.dnyem.hu\/?page_id=36"},"modified":"2019-06-16T23:26:51","modified_gmt":"2019-06-16T21:26:51","slug":"enekkar","status":"publish","type":"page","link":"https:\/\/szentistvan.dnyem.hu\/?page_id=36","title":{"rendered":"\u00c9nekkar"},"content":{"rendered":"<p>\u201eMindenik\u00a0embernek lelk\u00e9ben dal van.<br \/>\n\u00c9s saj\u00e1t lelk\u00e9t hallja minden dalban.<br \/>\nAkinek sz\u00e9p lelk\u00e9ben az \u00e9nek,<br \/>\nAz hallja m\u00e1sok \u00e9nek\u00e9t is sz\u00e9pnek\u201d<br \/>\n(Babits)<\/p>\n<p align=\"justify\">Templomunkban \u00e9vek \u00f3ta \u00e9nekkar\u00a0seg\u00edti a liturgi\u00e1t. Kevesen vannak, de lelkesed\u00e9s\u00fck, \u00e1h\u00edtatuk,\u00a0lelk\u00fclet\u00fcnk, szolg\u00e1latuk mindenkinek kimondhatatlan \u00e9lm\u00e9ny,\u00a0seg\u00edts\u00e9g a term\u00e9szetfeletti \u00e1t\u00e9l\u00e9s\u00e9ben. Legnagyobb \u00e9rdem\u00fck, hogy\u00a0egyik\u0151j\u00fck sem zen\u00e9sz, m\u00e9gis t\u00f6rekednek az ig\u00e9nyess\u00e9gre.<br \/>\nPen\u00e9szes b\u00faz\u00e1t, t\u00f6r\u00f6tt sz\u00e1rny\u00fa galambot nem illik \u00e1ldozatk\u00e9nt\u00a0az olt\u00e1rra tenni, \u00edgy zen\u00e9ben is csak a sz\u00e9pet, a m\u0171v\u00e9szit lehet\u00a0a liturgi\u00e1ban megsz\u00f3laltatni.<\/p>\n<p><strong>A k\u00f3rus tagjai:<\/strong><br \/>\n<strong>Szopr\u00e1n<\/strong>: Alm\u00e1sin\u00e9 N\u00e9meth Katalin, Alm\u00e1si Veronika, Hl\u00e1csn\u00e9 Erika, Hl\u00e1cs T\u00fcnde, Zelen\u00e1k Annabella.<br \/>\n<strong>Alt<\/strong>: Dr. Szab\u00f3 Adrienn, Hl\u00e1cs Erika, G\u00e9czy Erzs\u00e9bet<br \/>\n<strong>Tenor<\/strong>: Dr. Varga Bal\u00e1zs<br \/>\n<strong>Basszus<\/strong>: Alm\u00e1si G\u00e1bor, B\u00e1l\u00f3 Bal\u00e1zs, Dr. Nagy D\u00e1niel, G\u00e9czy Istv\u00e1n, Kiss Szabolcs, Varga D\u00e1niel<br \/>\n<strong>\u00c9nekkar vezet\u0151je<\/strong>: G\u00e9czy Istv\u00e1n<\/p>\n<p>Sz\u00edvesen fogadunk \u00e9nekelni szeret\u0151 \u00e9s tud\u00f3 h\u00edveket, els\u0151 sorban fiatalokat a sz\u00f3lamok\u00a0b\u0151v\u00edt\u00e9s\u00e9re. V\u00e1rjuk h\u00edveink ezzel kapcsolatos \u00e9szrev\u00e9teleit, v\u00e9lem\u00e9nyeit, javaslatait.<\/p>\n","protected":false},"excerpt":{"rendered":"<p>\u201eMindenik\u00a0embernek lelk\u00e9ben dal van. \u00c9s saj\u00e1t lelk\u00e9t hallja minden dalban. Akinek sz\u00e9p lelk\u00e9ben az \u00e9nek, Az hallja m\u00e1sok \u00e9nek\u00e9t is sz\u00e9pnek\u201d (Babits) Templomunkban \u00e9vek \u00f3ta&#8230;<\/p>\n","protected":false},"author":1,"featured_media":0,"parent":0,"menu_order":0,"comment_status":"closed","ping_status":"open","template":"","meta":[],"_links":{"self":[{"href":"https:\/\/szentistvan.dnyem.hu\/index.php?rest_route=\/wp\/v2\/pages\/36"}],"collection":[{"href":"https:\/\/szentistvan.dnyem.hu\/index.php?rest_route=\/wp\/v2\/pages"}],"about":[{"href":"https:\/\/szentistvan.dnyem.hu\/index.php?rest_route=\/wp\/v2\/types\/page"}],"author":[{"embeddable":true,"href":"https:\/\/szentistvan.dnyem.hu\/index.php?rest_route=\/wp\/v2\/users\/1"}],"replies":[{"embeddable":true,"href":"https:\/\/szentistvan.dnyem.hu\/index.php?rest_route=%2Fwp%2Fv2%2Fcomments&post=36"}],"version-history":[{"count":3,"href":"https:\/\/szentistvan.dnyem.hu\/index.php?rest_route=\/wp\/v2\/pages\/36\/revisions"}],"predecessor-version":[{"id":2683,"href":"https:\/\/szentistvan.dnyem.hu\/index.php?rest_route=\/wp\/v2\/pages\/36\/revisions\/2683"}],"wp:attachment":[{"href":"https:\/\/szentistvan.dnyem.hu\/index.php?rest_route=%2Fwp%2Fv2%2Fmedia&parent=36"}],"curies":[{"name":"wp","href":"https:\/\/api.w.org\/{rel}","templated":true}]}}

Énekkar

<p>„Mindenik embernek lelkében dal van.<br />
És saját lelkét hallja minden dalban.<br />
Akinek szép lelkében az ének,<br />
Az hallja mások énekét is szépnek”<br />
(Babits)</p>
<p align="justify">Templomunkban évek óta énekkar segíti a liturgiát. Kevesen vannak, de lelkesedésük, áhítatuk, lelkületünk, szolgálatuk mindenkinek kimondhatatlan élmény, segítség a természetfeletti átélésében. Legnagyobb érdemük, hogy egyikőjük sem zenész, mégis törekednek az igényességre.<br />
Penészes búzát, törött szárnyú galambot nem illik áldozatként az oltárra tenni, így zenében is csak a szépet, a művészit lehet a liturgiában megszólaltatni.</p>
<p><strong>A kórus tagjai:</strong><br />
<strong>Szoprán</strong>: Almásiné Németh Katalin, Almási Veronika, Hlácsné Erika, Hlács Tünde, Zelenák Annabella.<br />
<strong>Alt</strong>: Dr. Szabó Adrienn, Hlács Erika, Géczy Erzsébet<br />
<strong>Tenor</strong>: Dr. Varga Balázs<br />
<strong>Basszus</strong>: Almási Gábor, Báló Balázs, Dr. Nagy Dániel, Géczy István, Kiss Szabolcs, Varga Dániel<br />
<strong>Énekkar vezetője</strong>: Géczy István</p>
<p>Szívesen fogadunk énekelni szerető és tudó híveket, első sorban fiatalokat a szólamok bővítésére. Várjuk híveink ezzel kapcsolatos észrevételeit, véleményeit, javaslatait.</p>

<p>„Mindenik embernek lelkében dal van. És saját lelkét hallja minden dalban. Akinek szép lelkében az ének, Az hallja mások énekét is szépnek” (Babits) Templomunkban évek óta&#8230;</p>
