{"id":1032,"date":"2016-10-26T22:38:12","date_gmt":"2016-10-26T20:38:12","guid":{"rendered":"http:\/\/szentistvan.dnyem.hu\/wp-content\/uploads\/2016\/10\/IMG_20160727_1946131.jpg"},"modified":"2016-10-26T22:39:48","modified_gmt":"2016-10-26T20:39:48","slug":"img_20160727_1946131","status":"inherit","type":"attachment","link":"https:\/\/szentistvan.dnyem.hu\/?attachment_id=1032","title":{"rendered":"img_20160727_1946131"},"author":2,"comment_status":"closed","ping_status":"closed","template":"","meta":[],"description":{"rendered":"<p class=\"attachment\"><a href='https:\/\/szentistvan.dnyem.hu\/wp-content\/uploads\/2016\/10\/IMG_20160727_1946131.jpg'><img width=\"405\" height=\"540\" src=\"https:\/\/szentistvan.dnyem.hu\/wp-content\/uploads\/2016\/10\/IMG_20160727_1946131-405x540.jpg\" class=\"attachment-medium size-medium\" alt=\"Karit\u00e1sz, 2016 nyara\" loading=\"lazy\" srcset=\"https:\/\/szentistvan.dnyem.hu\/wp-content\/uploads\/2016\/10\/IMG_20160727_1946131-405x540.jpg 405w, https:\/\/szentistvan.dnyem.hu\/wp-content\/uploads\/2016\/10\/IMG_20160727_1946131-768x1024.jpg 768w, https:\/\/szentistvan.dnyem.hu\/wp-content\/uploads\/2016\/10\/IMG_20160727_1946131.jpg 1920w\" sizes=\"(max-width: 405px) 100vw, 405px\" \/><\/a><\/p>\n<p>A karit\u00e1szcsoport tev\u00e9kenys\u00e9ge 2016 nyar\u00e1n<\/p>\n"},"caption":{"rendered":"<p>Karit\u00e1sz, 2016 nyara<\/p>\n"},"alt_text":"Karit\u00e1sz, 2016 nyara","media_type":"image","mime_type":"image\/jpeg","media_details":{"width":1920,"height":2560,"file":"2016\/10\/IMG_20160727_1946131.jpg","sizes":{"thumbnail":{"file":"IMG_20160727_1946131-150x150.jpg","width":150,"height":150,"mime_type":"image\/jpeg","source_url":"https:\/\/szentistvan.dnyem.hu\/wp-content\/uploads\/2016\/10\/IMG_20160727_1946131-150x150.jpg"},"medium":{"file":"IMG_20160727_1946131-405x540.jpg","width":405,"height":540,"mime_type":"image\/jpeg","source_url":"https:\/\/szentistvan.dnyem.hu\/wp-content\/uploads\/2016\/10\/IMG_20160727_1946131-405x540.jpg"},"medium_large":{"file":"IMG_20160727_1946131-768x1024.jpg","width":768,"height":1024,"mime_type":"image\/jpeg","source_url":"https:\/\/szentistvan.dnyem.hu\/wp-content\/uploads\/2016\/10\/IMG_20160727_1946131-768x1024.jpg"},"large":{"file":"IMG_20160727_1946131-768x1024.jpg","width":768,"height":1024,"mime_type":"image\/jpeg","source_url":"https:\/\/szentistvan.dnyem.hu\/wp-content\/uploads\/2016\/10\/IMG_20160727_1946131-768x1024.jpg"},"full":{"file":"IMG_20160727_1946131.jpg","width":1920,"height":2560,"mime_type":"image\/jpeg","source_url":"https:\/\/szentistvan.dnyem.hu\/wp-content\/uploads\/2016\/10\/IMG_20160727_1946131.jpg"}},"image_meta":{"aperture":"2.8","credit":"","camera":"A536","caption":"","created_timestamp":"1469648773","copyright":"","focal_length":"3.5","iso":"64","shutter_speed":"0.019985","title":"","orientation":"1","keywords":[]}},"post":1030,"source_url":"https:\/\/szentistvan.dnyem.hu\/wp-content\/uploads\/2016\/10\/IMG_20160727_1946131.jpg","_links":{"self":[{"href":"https:\/\/szentistvan.dnyem.hu\/index.php?rest_route=\/wp\/v2\/media\/1032"}],"collection":[{"href":"https:\/\/szentistvan.dnyem.hu\/index.php?rest_route=\/wp\/v2\/media"}],"about":[{"href":"https:\/\/szentistvan.dnyem.hu\/index.php?rest_route=\/wp\/v2\/types\/attachment"}],"author":[{"embeddable":true,"href":"https:\/\/szentistvan.dnyem.hu\/index.php?rest_route=\/wp\/v2\/users\/2"}],"replies":[{"embeddable":true,"href":"https:\/\/szentistvan.dnyem.hu\/index.php?rest_route=%2Fwp%2Fv2%2Fcomments&post=1032"}]}}

<p class="attachment"><a href='https://szentistvan.dnyem.hu/wp-content/uploads/2016/10/IMG_20160727_1946131.jpg'><img width="405" height="540" src="https://szentistvan.dnyem.hu/wp-content/uploads/2016/10/IMG_20160727_1946131-405x540.jpg" class="attachment-medium size-medium" alt="Karitász, 2016 nyara" loading="lazy" srcset="https://szentistvan.dnyem.hu/wp-content/uploads/2016/10/IMG_20160727_1946131-405x540.jpg 405w, https://szentistvan.dnyem.hu/wp-content/uploads/2016/10/IMG_20160727_1946131-768x1024.jpg 768w, https://szentistvan.dnyem.hu/wp-content/uploads/2016/10/IMG_20160727_1946131.jpg 1920w" sizes="(max-width: 405px) 100vw, 405px" /></a></p>
<p>A karitászcsoport tevékenysége 2016 nyarán</p>

<p>Karitász, 2016 nyara</p>

Karitász, 2016 nyara
